f 2770 and 350?
10
Calculate the greatest common factor of 185 and 409775.
185
Calculate the greatest common factor of 1055780 and 10.
10
Calculate the greatest common divisor of 151653 and 21.
3
What is the highest common divisor of 676221 and 42?
21
Calculate the highest common factor of 247 and 171.
19
What is the greatest common divisor of 133217 and 7?
7
What is the greatest common factor of 16837 and 55279?
149
What is the highest common factor of 108298 and 11894?
626
Calculate the greatest common factor of 709244 and 8992.
1124
Calculate the highest common divisor of 3558832 and 64.
16
Calculate the greatest common factor of 2556 and 1704.
852
What is the highest common factor of 1749 and 3516656?
583
Calculate the greatest common factor of 36069 and 341.
11
What is the greatest common factor of 8342 and 172?
86
Calculate the highest common factor of 56 and 2200.
8
Calculate the greatest common factor of 36 and 79752.
12
Calculate the highest common factor of 98300 and 125.
25
What is the greatest common factor of 44958 and 5841?
177
What is the greatest common divisor of 336 and 5488?
112
Calculate the highest common factor of 27029 and 20989.
151
Calculate the greatest common factor of 700 and 252.
28
Calculate the greatest common divisor of 1535 and 61707.
307
What is the highest common factor of 140 and 120316?
28
What is the highest common divisor of 6862 and 730?
146
What is the highest common divisor of 696 and 493290?
174
What is the greatest common divisor of 344 and 1978?
86
What is the highest common divisor of 10465034 and 394?
394
Calculate the greatest common divisor of 74550 and 966.
42
Calculate the highest common factor of 446085 and 900.
45
Calculate the highest common factor of 10098 and 540.
54
What is the highest common factor of 427 and 158173?
61
Calculate the greatest common factor of 18 and 44874.
18
What is the greatest common divisor of 113975 and 50?
25
Calculate the highest common factor of 2002 and 2782.
26
What is the highest common divisor of 26090 and 20?
10
Calculate the highest common divisor of 40260 and 1848.
132
What is the greatest common factor of 240 and 40930?
10
Calculate the greatest common factor of 551361 and 51.
51
Calculate the highest common factor of 8568 and 43008.
168
What is the highest common divisor of 1288 and 175?
7
What is the highest common factor of 40 and 559320?
40
What is the highest common factor of 192 and 867264?
192
What is the highest common divisor of 381 and 39?
3
Calculate the highest common divisor of 119206 and 646.
38
Calculate the greatest common factor of 18533 and 387.
43
What is the greatest common divisor of 2391455 and 165?
55
Calculate the greatest common divisor of 2078300 and 56.
28
What is the highest common divisor of 824 and 258118?
206
What is the highest common divisor of 4 and 123314?
2
What is the greatest common divisor of 3131 and 101?
101
Calculate the highest common divisor of 2484 and 32148.
36
What is the highest common factor of 946 and 7002292?
946
What is the highest common factor of 26272 and 928?
32
Calculate the highest common factor of 403 and 992.
31
What is the greatest common factor of 4418 and 49914?
94
What is the greatest common factor of 24 and 5931?
3
Calculate the greatest common divisor of 12 and 25876.
4
What is the highest common divisor of 846 and 8084?
94
What is the highest common factor of 40 and 293872?
8
Calculate the greatest common factor of 345300 and 75.
75
Calculate the greatest common divisor of 252 and 74484.
36
Calculate the greatest common factor of 54720 and 400.
80
Calculate the highest common factor of 495427 and 381.
127
Calculate the greatest common divisor of 517840 and 32.
16
Calculate the highest common divisor of 89997 and 3435.
687
Calculate the highest common divisor of 4814 and 43964.
58
Calculate the greatest common factor of 2852300 and 2200.
1100
What is the greatest common divisor of 168315 and 441?
147
Calculate the highest common divisor of 2921345 and 35.
35
Calculate the greatest common factor of 64 and 5728.
32
Calculate the highest common factor of 800 and 95776.
32
Calculate the greatest common factor of 181010 and 460.
230
What is the highest common divisor of 19656 and 84552?
312
Calculate the highest common factor of 12 and 4308.
12
What is the greatest common factor of 2786 and 266?
14
Calculate the highest common divisor of 104 and 3523.
13
Calculate the highest common factor of 190722 and 12.
6
Calculate the highest common divisor of 249953 and 1023.
341
Calculate the greatest common factor of 381 and 25951053.
381
What is the greatest common divisor of 121 and 142780?
121
What is the highest common factor of 788544 and 74?
74
What is the greatest common divisor of 43670 and 165?
55
Calculate the highest common factor of 90400 and 12800.
800
Calculate the highest common divisor of 255 and 201.
3
Calculate the highest common factor of 136 and 30311.
17
What is the greatest common factor of 56 and 4298?
14
Calculate the highest common divisor of 386 and 370.
2
Calculate the highest common factor of 1728 and 80448.
192
What is the highest common divisor of 377 and 45617?
377
Calculate the highest common factor of 84 and 87276.
84
What is the highest common divisor of 232 and 1566?
58
What is the highest common divisor of 40944 and 672?
48
Calculate the highest common factor of 54 and 22815.
27
Calculate the highest common divisor of 188134 and 19402.
218
What is the greatest common factor of 615 and 15327645?
615
Calculate the greatest common factor of 98 and 163366.
98
Calculate the highest common factor of 38 and 357238.
38
What is the greatest common divisor of 990816 and 44?
4
Calculate the highest common factor of 316 and 274209.
79
What is the greatest common divisor of 6919 and 2414?
17
What is the greatest common divisor of 75 and 467350?
25
What is the greatest common divisor of 7 and 4039?
7
What is the highest common factor of 26061 and 53217?
219
Calculate the highest common factor of 144 and 22038.
6
What is the greatest common divisor of 58374 and 28566?
1242
Calculate the highest common divisor of 1273728 and 192.
192
Calculate the greatest common divisor of 693 and 671.
11
Calculate the greatest common divisor of 623 and 15.
1
What is the highest common divisor of 5922 and 288?
18
Calculate the highest common factor of 3151339 and 3594.
599
What is the highest common factor of 25975 and 469628?
1039
What is the highest common factor of 51857 and 78?
13
What is the greatest common factor of 138 and 6168?
6
Calculate the highest common divisor of 40626 and 200466.
666
What is the greatest common divisor of 133446 and 39?
3
Calculate the highest common divisor of 403 and 11531.
13
What is the highest common divisor of 320934 and 30?
6
Calculate the greatest common factor of 32636 and 54924.
796
What is the highest common factor of 208 and 224016?
208
What is the highest common factor of 24205 and 135?
5
What is the greatest common divisor of 164 and 128?
4
What is the highest common factor of 2964 and 364?
52
Calculate the greatest common divisor of 55959 and 46.
23
What is the highest common divisor of 34732 and 266?
38
What is the highest common factor of 7930 and 3250?
130
Calculate the highest common divisor of 869 and 7282.
11
What is the highest common divisor of 166628 and 3234?
154
Calculate the greatest common factor of 6224 and 1048.
8
What is the greatest common divisor of 4935 and 10955?
35
What is the highest common divisor of 1722 and 713482?
574
Calculate the highest common divisor of 5372 and 363716.
316
What is the highest common factor of 1970 and 8?
2
What is the highest common factor of 13 and 1746719?
13
Calculate the greatest common factor of 1830 and 3170.
10
What is the highest common divisor of 141913 and 4202?
191
What is the highest common divisor of 1939916 and 44?
44
What is the greatest common factor of 906919 and 52?
13
Calculate the greatest common factor of 86700 and 84.
12
Calculate the highest common factor of 531910 and 1075.
215
What is the greatest common factor of 240366 and 18624?
582
Calculate the greatest common factor of 772334 and 124.
62
What is the greatest common divisor of 42 and 270942?
42
What is the greatest common